 55350?
-55343
In base 16, what is -c352e + 0?
-c352e
In base 15, what is -1dd7 + -5?
-1ddc
In base 9, what is 645724 + 5?
645730
In base 12, what is -a16 + 13?
-a03
In base 7, what is -132 + -316512?
-316644
In base 5, what is 140130012 - 4?
140130003
In base 5, what is -30 - 4414212?
-4414242
In base 15, what is d35 + 9?
d3e
In base 5, what is 14 + 4304310?
4304324
In base 13, what is c - -5b54?
5b63
In base 14, what is a - 294c?
-2942
In base 15, what is 16c - -24?
191
In base 10, what is -18831 - 3?
-18834
In base 14, what is 3103 + -2?
3101
In base 5, what is -4 - 1003232?
-1003241
In base 6, what is -1054322 + 11?
-1054311
In base 16, what is 0 + 200b?
200b
In base 3, what is -2 + -1211022202?
-1211022211
In base 10, what is -8485134 + 4?
-8485130
In base 10, what is -15976 + 9?
-15967
In base 16, what is -36 + -12ec?
-1322
In base 16, what is -2 + -3287?
-3289
In base 5, what is -1020220 - 4?
-1020224
In base 3, what is 21020121220 - -10?
21020122000
In base 10, what is -1 + -25772?
-25773
In base 3, what is 112001 - 10010?
101221
In base 5, what is -442122 - 0?
-442122
In base 2, what is -1011011 + 101001111111?
101000100100
In base 7, what is -3 + 12616?
12613
In base 12, what is 4 - 5b3b?
-5b37
In base 9, what is -100675 + 6?
-100668
In base 8, what is 665 - 1122?
-235
In base 9, what is 1754 + 3151?
5015
In base 3, what is 0 + -100010200?
-100010200
In base 12, what is 2a90 + -b?
2a81
In base 2, what is 110111101110010011 + -101?
110111101110001110
In base 15, what is -107d + -6?
-1084
In base 4, what is -221 - -22130013?
22123132
In base 16, what is -3193 - 65?
-31f8
In base 16, what is 33 - -585?
5b8
In base 6, what is -1021254 - -3?
-1021251
In base 6, what is -30351 + -44?
-30435
In base 9, what is 3657210 - -5?
3657215
In base 14, what is -1201 - -8?
-11d7
In base 9, what is 185 + 1151?
1346
In base 11, what is -21 - 18768?
-18789
In base 9, what is -5 - 16883?
-16888
In base 5, what is 4 - 3314311?
-3314302
In base 11, what is -571 + 163?
-409
In base 13, what is -55 + 3ba?
365
In base 7, what is 5256625 + 5?
5256633
In base 7, what is 11120 + -43?
11044
In base 16, what is 8 + 2c15?
2c1d
In base 5, what is -3 - 2400313?
-2400321
In base 6, what is -31404 - 43?
-31451
In base 7, what is 4 + -142350?
-142343
In base 16, what is -b4 + 15?
-9f
In base 4, what is 101333 + 23212?
131211
In base 15, what is 5 - -27b3?
27b8
In base 9, what is 208 - -1030?
1238
In base 6, what is 205311 + -22?
205245
In base 5, what is 3313410 - -222?
3314132
In base 9, what is -1 + 2878?
2877
In base 10, what is -1 - -1183?
1182
In base 3, what is -110110001 - 2?
-110110010
In base 15, what is 50a0 - 4?
509b
In base 8, what is 3 + -1657501?
-1657476
In base 5, what is -113 - 210422?
-211040
In base 12, what is 1148 - -26?
1172
In base 6, what is 3 + 1131252?
1131255
In base 11, what is 2 - -259043?
259045
In base 10, what is -59958 - -116?
-59842
In base 9, what is 1423 - 1446?
-23
In base 7, what is -4 - -113145?
113141
In base 5, what is 212303 + 3?
212311
In base 7, what is 0 - 324325?
-324325
In base 12, what is 469 + 132?
59b
In base 5, what is -110240 + -10?
-110300
In base 7, what is -4 + 5263?
5256
In base 6, what is 13 - 32553?
-32540
In base 9, what is 788 + 815?
1714
In base 9, what is -1 - -267784?
267783
In base 14, what is -1b9 - -836?
65b
In base 6, what is -353 + 220044?
215251
In base 12, what is -69 + 85b3?
8546
In base 11, what is 127 + -12?
115
In base 8, what is 1762562 + 3?
1762565
In base 4, what is 303003 + 11113?
320122
In base 6, what is 41322 - -2050?
43412
In base 3, what is -10 + -222100210?
-222100220
In base 11, what is -1144 + 406?
-839
In base 2, what is -11110110010100100 + 101?
-11110110010011111
In base 3, what is -12 - 2201011100?
-2201011112
In base 4, what is 1232232 + 13102?
1312000
In base 9, what is -13 + -18504?
-18517
In base 12, what is 96020 - 2?
9601a
In base 8, what is -2 + 32246?
32244
In base 16, what is 13e6d8 + -4?
13e6d4
In base 2, what is 1000010010 + 100111?
1000111001
In base 2, what is -11010 + -111100010?
-111111100
In base 11, what is -197a - a?
-1989
In base 3, what is 1 + -211221101012?
-211221101011
In base 10, what is 100353 - -4?
100357
In base 5, what is 320102 - -10?
320112
In base 3, what is -1111002000 - -1?
-1111001222
In base 3, what is -212120100 + -1101?
-212121201
In base 7, what is -34125 + -123?
-34251
In base 13, what is -45 + -ba6?
-c1b
In base 15, what is a6e + -14?
a5a
In base 12, what is -1a54 - -9?
-1a47
In base 5, what is -12 + -203303?
-203320
In base 15, what is -68 + 3786?
371d
In base 5, what is 3 + -140412?
-140404
In base 4, what is -23013 - -2123?
-20230
In base 16, what is -154514 + -2?
-154516
In base 7, what is 53563 - -2?
53565
In base 13, what is -7 + -794?
-79b
In base 2, what is 0 + -10000100101100?
-10000100101100
In base 7, what is -3 + 206452?
206446
In base 16, what is 643 - -12f?
772
In base 6, what is 11320 - -1043?
12403
In base 15, what is -17 - 75e?
-776
In base 4, what is -102121 - -10223?
-31232
In base 3, what is 0 + 12000121110?
12000121110
In base 6, what is 403454 + -1?
403453
In base 14, what is -60d6 + -c0?
-61b6
In base 7, what is 21 - 40001?
-36650
In base 5, what is -1040402 - -333?
-1040014
In base 14, what is 97 + -37?
60
In base 15, what is 3 - 1204a3?
-1204a0
In base 15, what is d - -b1d?
b2b
In base 13, what is -1 - 605?
-606
In base 13, what is -b + -7b2a?
-7b38
In base 9, what is 1 - -31810?
31811
In base 15, what is -219e + -57?
-2206
In base 2, what is -111 + -101110100010100011?
-101110100010101010
In base 16, what is 3 + -c5a?
-c57
In base 7, what is -304112 - 4?
-304116
In base 16, what is 29 + 83?
ac
In base 8, what is 1600 + 33?
1633
In base 6, what is -24405 - -1124?
-23241
In base 13, what is 30 - 124?
-c4
In base 2, what is 101011101101 - 1101110?
101001111111
In base 14, what is -312c + -1c?
-314a
In base 16, what is -7 - -26bfd?
26bf6
In base 11, what is 5 - 62626?
-62621
In base 13, what is 3 - -199a?
19a0
In base 6, what is 4 + -4502051?
-4502043
In base 16, what is b74 - -38?
bac
In base 11, what is 2 + 671431?
671433
In base 12, what is -3b0 - -70?
-340
In base 11, what is 825704 - -1?
825705
In base 14, what is -1d - 187?
-1a6
In base 12, what is -3040ab + -3?
-3040b2
In base 7, what is -1 - -200063?
200062
In base 9, what is -1238 + -348?
-1587
In base 16, what is -10d82 + -5?
-10d87
In base 8, what is -4226 - 165?
-4413
In base 9, what is 80 + -55?
24
In base 2, what is 11010110101011 + -11?
11010110101000
In base 13, what is 71 + -438?
-397
In base 12, what is -1 + -159675?
-159676
In base 9, what is 226472 - 4?
226467
In base 3, what is 202210210 + -2211?
202200222
In base 9, what is -11 + -455481?
-455502
In base 11, what is -10a97 + -6?
-10aa2
In base 14, what is -62 - 8d7?
-959
In base 16, what is -14bf - -5?
-14ba
In base 2, what is -1001001011 + 1000000?
-1000001011
In base 7, what is 646 - 124?
522
In base 12, what is 1a0b + 66a?
2479
In base 8, what is -146546 - -36?
-146510
In base 5, what is 204 - -124?
333
In base 6, what is -12 - -115224?
115212
In base 8, what is -46223 - -4?
-46217
In base 5, what is 13132434 - 21?
13132413
In base 3, what is 1002010 - 200212?
101021
In base 11, what is -430511 - 0?
-430511
In base 16, what is -c - bc?
-c8
In base 9, what is -34 - -50730?
50685
In base 4, what is 21022 + 22232?
103320
In base 9, what is -1101 + 7114?
6013
In base 2, what is 1011110101101000110 - 11?
1011110101101000011
In base 4, what is -12310313 + -1?
-12310320
In base 13, what is -1b4 + 529?
345
In base 12, what is -6 - -920b8?
920b2
In base 4, what is 2033 - -1131?
3230
In base 15, what is -2e - -39a0?
3971
In base 6, what is 10 + 3423334?
3423344
In base 13, what is -6935 + 3?
-6932
In base 14, what is -9 + c43a?
c431
In base 2, what is 11000010101 + 110011001?
11110101110
In base 15, what is 2794 - -96?
283a
In base 12, what is 67 + 277?
322
In base 15, what is 4 + -2e32?
-2e2d
In base 10, what is -30669 + -3?
-30672
In base 12, what is -15b475 + -5?
-15b47a
In base 7, what is 2322 - -13?
2335
In base 16, what is 4 - a67a?
-a676
In base 8, what is 230 - 341?
-111
In base 7, what is 2564 + 2266?
5163
In base 10, what is -31 - 5222?
-5253
In base 15, what is 1aa7c + -4?
1aa78
In base 9, 